{"id":6392,"date":"2025-12-11T22:56:03","date_gmt":"2025-12-11T21:56:03","guid":{"rendered":"https:\/\/poupeewax.com\/?post_type=product&#038;p=6392"},"modified":"2025-12-13T00:50:22","modified_gmt":"2025-12-12T23:50:22","slug":"nzola-n4","status":"publish","type":"product","link":"https:\/\/poupeewax.com\/index.php\/produit\/nzola-n4\/","title":{"rendered":"Nzola &#8211; n\u00b04"},"content":{"rendered":"<h2><img decoding=\"async\" class=\"alignnone wp-image-6423\" src=\"https:\/\/poupeewax.com\/wp-content\/uploads\/2025\/12\/200004283-300x252.jpg\" alt=\"\" width=\"58\" height=\"49\" srcset=\"https:\/\/poupeewax.com\/wp-content\/uploads\/2025\/12\/200004283-300x252.jpg 300w, https:\/\/poupeewax.com\/wp-content\/uploads\/2025\/12\/200004283-1024x862.jpg 1024w, https:\/\/poupeewax.com\/wp-content\/uploads\/2025\/12\/200004283-768x646.jpg 768w, https:\/\/poupeewax.com\/wp-content\/uploads\/2025\/12\/200004283-350x295.jpg 350w, https:\/\/poupeewax.com\/wp-content\/uploads\/2025\/12\/200004283.jpg 1161w\" sizes=\"(max-width: 58px) 100vw, 58px\" \/><\/h2>\n<h2>Nzola = Amor em Kikongo<\/h2>\n<ul>\n<li>Confeccionadas com o <strong>tecido 100% algod\u00e3o<\/strong>, tanto para a pele como para as roupas.<\/li>\n<li>Possuem <strong>enchimento antial\u00e9rgico<\/strong>, garantindo seguran\u00e7a e conforto.<\/li>\n<li>Os rostos s\u00e3o <strong>pintados \u00e0 m\u00e3o com amor<\/strong>, utilizando tinta permanente e n\u00e3o t\u00f3xica.<\/li>\n<li>Os cabelos s\u00e3o <strong>costurados delicadamente<\/strong>, permitindo diferentes estilos e penteados.<\/li>\n<li><strong>Tamanho aproximado: 45 cm<\/strong>.<\/li>\n<\/ul>\n<div><\/div>\n<h2>\u2728 Envios &amp; Devolu\u00e7\u00f5es<\/h2>\n<ul>\n<li>As bonecas prontas e apresentadas no site s\u00e3o enviadas no prazo de 48 horas.<\/li>\n<li>As encomendas personalizadas ou em rutura de stock exigem mais tempo de dedica\u00e7\u00e3o : podem levar at\u00e9 2 semanas para serem expedidas.<\/li>\n<li>As bonecas n\u00e3o s\u00e3o devolvidas nem trocadas, exceto em caso de defeito de fabrico.<\/li>\n<\/ul>\n<h2>\ud83c\udf38 Cuidados para preservar a tua boneca<\/h2>\n<p>Para manter a beleza e a durabilidade da tua boneca:<\/p>\n<ul>\n<li>Lave <strong>\u00e0 m\u00e3o<\/strong>, com \u00e1gua fria e sab\u00e3o neutro.<\/li>\n<li>Utilize uma <strong>escova de dentes macia<\/strong> para remover suavemente as manchas.<\/li>\n<li>Enx\u00e1gue com um pano limpo e h\u00famido.<\/li>\n<li>Deixe secar <strong>ao ar livre<\/strong>.<\/li>\n<li>\u26a0\ufe0f N\u00e3o utilize m\u00e1quina de lavar nem secar: os programas de centrifuga\u00e7\u00e3o podem danificar a boneca.<\/li>\n<\/ul>\n<p>&nbsp;<\/p>\n<h2><img decoding=\"async\" class=\"alignnone wp-image-6420\" style=\"font-size: 16px;\" src=\"https:\/\/poupeewax.com\/wp-content\/uploads\/2025\/12\/fr-300x200.png\" alt=\"\" width=\"62\" height=\"41\" srcset=\"https:\/\/poupeewax.com\/wp-content\/uploads\/2025\/12\/fr-300x200.png 300w, https:\/\/poupeewax.com\/wp-content\/uploads\/2025\/12\/fr-1024x683.png 1024w, https:\/\/poupeewax.com\/wp-content\/uploads\/2025\/12\/fr-768x512.png 768w, https:\/\/poupeewax.com\/wp-content\/uploads\/2025\/12\/fr-1536x1024.png 1536w, https:\/\/poupeewax.com\/wp-content\/uploads\/2025\/12\/fr-1320x880.png 1320w, https:\/\/poupeewax.com\/wp-content\/uploads\/2025\/12\/fr-350x233.png 350w, https:\/\/poupeewax.com\/wp-content\/uploads\/2025\/12\/fr.png 1600w\" sizes=\"(max-width: 62px) 100vw, 62px\" \/><\/h2>\n<h2>Nzola = Amour<\/h2>\n<ul>\n<li>Confectionn\u00e9es en <strong>tissu 100 % coton<\/strong>, pour la peau et les v\u00eatements.<\/li>\n<li>Garnies d\u2019un <strong>rembourrage anti\u2011allerg\u00e9nique<\/strong>, doux et s\u00fbr.<\/li>\n<li>Les visages sont <strong>peints \u00e0 la main avec amour<\/strong>, \u00e0 l\u2019aide d\u2019une encre permanente et non toxique.<\/li>\n<li>Les cheveux sont <strong>cousus minutieusement<\/strong>, permettant de r\u00e9aliser diff\u00e9rentes coiffures.<\/li>\n<li><strong>Taille approximative : 45 cm<\/strong><\/li>\n<\/ul>\n<p>&nbsp;<\/p>\n<h2>\u2728 Exp\u00e9dition &amp; Retours<\/h2>\n<ul>\n<li>Les poup\u00e9es pr\u00eates \u00e0 l\u2019emploi, pr\u00e9sent\u00e9es sur le site, sont exp\u00e9di\u00e9es sous 48 heures.<\/li>\n<li>Les cr\u00e9ations personnalis\u00e9es n\u00e9cessitent un d\u00e9lai de confection : votre commande peut prendre jusqu\u2019\u00e0 2 semaines avant exp\u00e9dition.<\/li>\n<li>Les poup\u00e9es ne sont ni reprises ni \u00e9chang\u00e9es, sauf en cas de d\u00e9faut de fabrication.<\/li>\n<\/ul>\n<div><\/div>\n<h2>\ud83c\udf38 Conseils d\u2019entretien<\/h2>\n<p>Pour pr\u00e9server la beaut\u00e9 et la long\u00e9vit\u00e9 de votre poup\u00e9e :<\/p>\n<ul>\n<li>Lavez-la <strong>\u00e0 la main<\/strong>, avec de l\u2019eau froide et du savon neutre.<\/li>\n<li>Utilisez une <strong>brosse \u00e0 dents souple<\/strong> pour nettoyer d\u00e9licatement les taches.<\/li>\n<li>Rincez avec un chiffon propre et humide.<\/li>\n<li>Laissez s\u00e9cher <strong>\u00e0 l\u2019air libre<\/strong>.<\/li>\n<li>\u26a0\ufe0f N\u2019utilisez pas de lave-linge ni de s\u00e8che-linge : les programmes d\u2019essorage peuvent endommager la poup\u00e9e.<\/li>\n<\/ul>\n<p>&nbsp;<\/p>\n<p>&nbsp;<\/p>\n<p>&nbsp;<\/p>\n<p>&nbsp;<\/p>\n","protected":false},"excerpt":{"rendered":"<p><img decoding=\"async\" class=\"wp-image-6423 alignleft\" src=\"https:\/\/poupeewax.com\/wp-content\/uploads\/2025\/12\/200004283-300x252.jpg\" alt=\"\" width=\"63\" height=\"53\" srcset=\"https:\/\/poupeewax.com\/wp-content\/uploads\/2025\/12\/200004283-300x252.jpg 300w, https:\/\/poupeewax.com\/wp-content\/uploads\/2025\/12\/200004283-1024x862.jpg 1024w, https:\/\/poupeewax.com\/wp-content\/uploads\/2025\/12\/200004283-768x646.jpg 768w, https:\/\/poupeewax.com\/wp-content\/uploads\/2025\/12\/200004283-350x295.jpg 350w, https:\/\/poupeewax.com\/wp-content\/uploads\/2025\/12\/200004283.jpg 1161w\" sizes=\"(max-width: 63px) 100vw, 63px\" \/><\/p>\n<p>&nbsp;<\/p>\n<p style=\"text-align: left;\">A boneca <strong>Nzola <\/strong>n\u00e3o \u00e9 apenas um objeto:<\/p>\n<p style=\"text-align: left;\">\u00e9 <strong>s\u00edmbolo de identidade, mem\u00f3ria e orgulho cultural<\/strong>.<\/p>\n<p style=\"text-align: left;\">Confeccionada com tecido <strong>100% algod\u00e3o<\/strong> e adornadas com <strong>tecidos africanos vibrantes<\/strong>.<\/p>\n<p><img loading=\"lazy\" decoding=\"async\" class=\"alignnone wp-image-6420\" src=\"https:\/\/poupeewax.com\/wp-content\/uploads\/2025\/12\/fr-300x200.png\" alt=\"\" width=\"44\" height=\"29\" srcset=\"https:\/\/poupeewax.com\/wp-content\/uploads\/2025\/12\/fr-300x200.png 300w, https:\/\/poupeewax.com\/wp-content\/uploads\/2025\/12\/fr-1024x683.png 1024w, https:\/\/poupeewax.com\/wp-content\/uploads\/2025\/12\/fr-768x512.png 768w, https:\/\/poupeewax.com\/wp-content\/uploads\/2025\/12\/fr-1536x1024.png 1536w, https:\/\/poupeewax.com\/wp-content\/uploads\/2025\/12\/fr-1320x880.png 1320w, https:\/\/poupeewax.com\/wp-content\/uploads\/2025\/12\/fr-350x233.png 350w, https:\/\/poupeewax.com\/wp-content\/uploads\/2025\/12\/fr.png 1600w\" sizes=\"(max-width: 44px) 100vw, 44px\" \/> La <strong>poup\u00e9e Nzola<\/strong> n\u2019est pas seulement un objet :<\/p>\n<p>C\u2019est un <strong>symbole d\u2019identit\u00e9, de m\u00e9moire et de fiert\u00e9 culturelle.<\/strong><\/p>\n<p>Confectionn\u00e9e en <strong>tissu 100 % coton<\/strong>, elle transmet douceur et authenticit\u00e9.<\/p>\n","protected":false},"featured_media":6406,"comment_status":"open","ping_status":"closed","template":"","meta":{"_uag_custom_page_level_css":""},"product_brand":[],"product_cat":[54],"product_tag":[],"class_list":{"0":"post-6392","1":"product","2":"type-product","3":"status-publish","4":"has-post-thumbnail","6":"product_cat-poupees-et-doudous-wax","7":"product_shipping_class-2-categorias","9":"first","10":"instock","11":"shipping-taxable","12":"purchasable","13":"product-type-simple"},"yoast_head":"<!-- This site is optimized with the Yoast SEO plugin v27.3 - https:\/\/yoast.com\/product\/yoast-seo-wordpress\/ -->\n<title>Nzola - n\u00b04 - Poup\u00e9e Wax<\/title>\n<meta name=\"robots\" content=\"index, follow, max-snippet:-1, max-image-preview:large, max-video-preview:-1\" \/>\n<link rel=\"canonical\" href=\"https:\/\/poupeewax.com\/index.php\/produit\/nzola-n4\/\" \/>\n<meta property=\"og:locale\" content=\"fr_FR\" \/>\n<meta property=\"og:type\" content=\"article\" \/>\n<meta property=\"og:title\" content=\"Nzola - n\u00b04 - Poup\u00e9e Wax\" \/>\n<meta property=\"og:description\" content=\"&nbsp; A boneca Nzola n\u00e3o \u00e9 apenas um objeto: \u00e9 s\u00edmbolo de identidade, mem\u00f3ria e orgulho cultural. Confeccionada com tecido 100% algod\u00e3o e adornadas com tecidos africanos vibrantes.  La poup\u00e9e Nzola n\u2019est pas seulement un objet :  C\u2019est un symbole d\u2019identit\u00e9, de m\u00e9moire et de fiert\u00e9 culturelle.  Confectionn\u00e9e en tissu 100 % coton, elle transmet douceur et authenticit\u00e9.\" \/>\n<meta property=\"og:url\" content=\"https:\/\/poupeewax.com\/index.php\/produit\/nzola-n4\/\" \/>\n<meta property=\"og:site_name\" content=\"Poup\u00e9e Wax\" \/>\n<meta property=\"article:modified_time\" content=\"2025-12-12T23:50:22+00:00\" \/>\n<meta property=\"og:image\" content=\"https:\/\/poupeewax.com\/wp-content\/uploads\/2025\/12\/WhatsApp-Image-2025-12-11-at-23.25.42.jpeg\" \/>\n\t<meta property=\"og:image:width\" content=\"652\" \/>\n\t<meta property=\"og:image:height\" content=\"694\" \/>\n\t<meta property=\"og:image:type\" content=\"image\/jpeg\" \/>\n<meta name=\"twitter:card\" content=\"summary_large_image\" \/>\n<meta name=\"twitter:label1\" content=\"Dur\u00e9e de lecture estim\u00e9e\" \/>\n\t<meta name=\"twitter:data1\" content=\"3 minutes\" \/>\n<script type=\"application\/ld+json\" class=\"yoast-schema-graph\">{\"@context\":\"https:\\\/\\\/schema.org\",\"@graph\":[{\"@type\":\"WebPage\",\"@id\":\"https:\\\/\\\/poupeewax.com\\\/index.php\\\/produit\\\/nzola-n4\\\/\",\"url\":\"https:\\\/\\\/poupeewax.com\\\/index.php\\\/produit\\\/nzola-n4\\\/\",\"name\":\"Nzola - n\u00b04 - Poup\u00e9e Wax\",\"isPartOf\":{\"@id\":\"https:\\\/\\\/poupeewax.com\\\/#website\"},\"primaryImageOfPage\":{\"@id\":\"https:\\\/\\\/poupeewax.com\\\/index.php\\\/produit\\\/nzola-n4\\\/#primaryimage\"},\"image\":{\"@id\":\"https:\\\/\\\/poupeewax.com\\\/index.php\\\/produit\\\/nzola-n4\\\/#primaryimage\"},\"thumbnailUrl\":\"https:\\\/\\\/poupeewax.com\\\/wp-content\\\/uploads\\\/2025\\\/12\\\/WhatsApp-Image-2025-12-11-at-23.25.42.jpeg\",\"datePublished\":\"2025-12-11T21:56:03+00:00\",\"dateModified\":\"2025-12-12T23:50:22+00:00\",\"breadcrumb\":{\"@id\":\"https:\\\/\\\/poupeewax.com\\\/index.php\\\/produit\\\/nzola-n4\\\/#breadcrumb\"},\"inLanguage\":\"fr-FR\",\"potentialAction\":[{\"@type\":\"ReadAction\",\"target\":[\"https:\\\/\\\/poupeewax.com\\\/index.php\\\/produit\\\/nzola-n4\\\/\"]}]},{\"@type\":\"ImageObject\",\"inLanguage\":\"fr-FR\",\"@id\":\"https:\\\/\\\/poupeewax.com\\\/index.php\\\/produit\\\/nzola-n4\\\/#primaryimage\",\"url\":\"https:\\\/\\\/poupeewax.com\\\/wp-content\\\/uploads\\\/2025\\\/12\\\/WhatsApp-Image-2025-12-11-at-23.25.42.jpeg\",\"contentUrl\":\"https:\\\/\\\/poupeewax.com\\\/wp-content\\\/uploads\\\/2025\\\/12\\\/WhatsApp-Image-2025-12-11-at-23.25.42.jpeg\",\"width\":652,\"height\":694},{\"@type\":\"BreadcrumbList\",\"@id\":\"https:\\\/\\\/poupeewax.com\\\/index.php\\\/produit\\\/nzola-n4\\\/#breadcrumb\",\"itemListElement\":[{\"@type\":\"ListItem\",\"position\":1,\"name\":\"Accueil\",\"item\":\"https:\\\/\\\/poupeewax.com\\\/\"},{\"@type\":\"ListItem\",\"position\":2,\"name\":\"Poup\u00e9es et doudous\",\"item\":\"https:\\\/\\\/poupeewax.com\\\/index.php\\\/poupees-et-doudous\\\/\"},{\"@type\":\"ListItem\",\"position\":3,\"name\":\"Nzola &#8211; n\u00b04\"}]},{\"@type\":\"WebSite\",\"@id\":\"https:\\\/\\\/poupeewax.com\\\/#website\",\"url\":\"https:\\\/\\\/poupeewax.com\\\/\",\"name\":\"Poup\u00e9e Wax\",\"description\":\"Poup\u00e9es artisanales - Bonecas artesanais\",\"publisher\":{\"@id\":\"https:\\\/\\\/poupeewax.com\\\/#organization\"},\"inLanguage\":\"fr-FR\"},{\"@type\":\"Organization\",\"@id\":\"https:\\\/\\\/poupeewax.com\\\/#organization\",\"name\":\"Poup\u00e9e Wax\",\"url\":\"https:\\\/\\\/poupeewax.com\\\/\",\"logo\":{\"@type\":\"ImageObject\",\"inLanguage\":\"fr-FR\",\"@id\":\"https:\\\/\\\/poupeewax.com\\\/#\\\/schema\\\/logo\\\/image\\\/\",\"url\":\"https:\\\/\\\/poupeewax.com\\\/wp-content\\\/uploads\\\/2025\\\/04\\\/cropped-cropped-FB_IMG_1744139534710-1.jpg\",\"contentUrl\":\"https:\\\/\\\/poupeewax.com\\\/wp-content\\\/uploads\\\/2025\\\/04\\\/cropped-cropped-FB_IMG_1744139534710-1.jpg\",\"width\":973,\"height\":991,\"caption\":\"Poup\u00e9e Wax\"},\"image\":{\"@id\":\"https:\\\/\\\/poupeewax.com\\\/#\\\/schema\\\/logo\\\/image\\\/\"}}]}<\/script>\n<!-- \/ Yoast SEO plugin. -->","yoast_head_json":{"title":"Nzola - n\u00b04 - Poup\u00e9e Wax","robots":{"index":"index","follow":"follow","max-snippet":"max-snippet:-1","max-image-preview":"max-image-preview:large","max-video-preview":"max-video-preview:-1"},"canonical":"https:\/\/poupeewax.com\/index.php\/produit\/nzola-n4\/","og_locale":"fr_FR","og_type":"article","og_title":"Nzola - n\u00b04 - Poup\u00e9e Wax","og_description":"&nbsp; A boneca Nzola n\u00e3o \u00e9 apenas um objeto: \u00e9 s\u00edmbolo de identidade, mem\u00f3ria e orgulho cultural. Confeccionada com tecido 100% algod\u00e3o e adornadas com tecidos africanos vibrantes.  La poup\u00e9e Nzola n\u2019est pas seulement un objet :  C\u2019est un symbole d\u2019identit\u00e9, de m\u00e9moire et de fiert\u00e9 culturelle.  Confectionn\u00e9e en tissu 100 % coton, elle transmet douceur et authenticit\u00e9.","og_url":"https:\/\/poupeewax.com\/index.php\/produit\/nzola-n4\/","og_site_name":"Poup\u00e9e Wax","article_modified_time":"2025-12-12T23:50:22+00:00","og_image":[{"width":652,"height":694,"url":"https:\/\/poupeewax.com\/wp-content\/uploads\/2025\/12\/WhatsApp-Image-2025-12-11-at-23.25.42.jpeg","type":"image\/jpeg"}],"twitter_card":"summary_large_image","twitter_misc":{"Dur\u00e9e de lecture estim\u00e9e":"3 minutes"},"schema":{"@context":"https:\/\/schema.org","@graph":[{"@type":"WebPage","@id":"https:\/\/poupeewax.com\/index.php\/produit\/nzola-n4\/","url":"https:\/\/poupeewax.com\/index.php\/produit\/nzola-n4\/","name":"Nzola - n\u00b04 - Poup\u00e9e Wax","isPartOf":{"@id":"https:\/\/poupeewax.com\/#website"},"primaryImageOfPage":{"@id":"https:\/\/poupeewax.com\/index.php\/produit\/nzola-n4\/#primaryimage"},"image":{"@id":"https:\/\/poupeewax.com\/index.php\/produit\/nzola-n4\/#primaryimage"},"thumbnailUrl":"https:\/\/poupeewax.com\/wp-content\/uploads\/2025\/12\/WhatsApp-Image-2025-12-11-at-23.25.42.jpeg","datePublished":"2025-12-11T21:56:03+00:00","dateModified":"2025-12-12T23:50:22+00:00","breadcrumb":{"@id":"https:\/\/poupeewax.com\/index.php\/produit\/nzola-n4\/#breadcrumb"},"inLanguage":"fr-FR","potentialAction":[{"@type":"ReadAction","target":["https:\/\/poupeewax.com\/index.php\/produit\/nzola-n4\/"]}]},{"@type":"ImageObject","inLanguage":"fr-FR","@id":"https:\/\/poupeewax.com\/index.php\/produit\/nzola-n4\/#primaryimage","url":"https:\/\/poupeewax.com\/wp-content\/uploads\/2025\/12\/WhatsApp-Image-2025-12-11-at-23.25.42.jpeg","contentUrl":"https:\/\/poupeewax.com\/wp-content\/uploads\/2025\/12\/WhatsApp-Image-2025-12-11-at-23.25.42.jpeg","width":652,"height":694},{"@type":"BreadcrumbList","@id":"https:\/\/poupeewax.com\/index.php\/produit\/nzola-n4\/#breadcrumb","itemListElement":[{"@type":"ListItem","position":1,"name":"Accueil","item":"https:\/\/poupeewax.com\/"},{"@type":"ListItem","position":2,"name":"Poup\u00e9es et doudous","item":"https:\/\/poupeewax.com\/index.php\/poupees-et-doudous\/"},{"@type":"ListItem","position":3,"name":"Nzola &#8211; n\u00b04"}]},{"@type":"WebSite","@id":"https:\/\/poupeewax.com\/#website","url":"https:\/\/poupeewax.com\/","name":"Poup\u00e9e Wax","description":"Poup\u00e9es artisanales - Bonecas artesanais","publisher":{"@id":"https:\/\/poupeewax.com\/#organization"},"inLanguage":"fr-FR"},{"@type":"Organization","@id":"https:\/\/poupeewax.com\/#organization","name":"Poup\u00e9e Wax","url":"https:\/\/poupeewax.com\/","logo":{"@type":"ImageObject","inLanguage":"fr-FR","@id":"https:\/\/poupeewax.com\/#\/schema\/logo\/image\/","url":"https:\/\/poupeewax.com\/wp-content\/uploads\/2025\/04\/cropped-cropped-FB_IMG_1744139534710-1.jpg","contentUrl":"https:\/\/poupeewax.com\/wp-content\/uploads\/2025\/04\/cropped-cropped-FB_IMG_1744139534710-1.jpg","width":973,"height":991,"caption":"Poup\u00e9e Wax"},"image":{"@id":"https:\/\/poupeewax.com\/#\/schema\/logo\/image\/"}}]}},"uagb_featured_image_src":{"full":["https:\/\/poupeewax.com\/wp-content\/uploads\/2025\/12\/WhatsApp-Image-2025-12-11-at-23.25.42.jpeg",652,694,false],"thumbnail":["https:\/\/poupeewax.com\/wp-content\/uploads\/2025\/12\/WhatsApp-Image-2025-12-11-at-23.25.42-150x150.jpeg",150,150,true],"medium":["https:\/\/poupeewax.com\/wp-content\/uploads\/2025\/12\/WhatsApp-Image-2025-12-11-at-23.25.42-282x300.jpeg",282,300,true],"medium_large":["https:\/\/poupeewax.com\/wp-content\/uploads\/2025\/12\/WhatsApp-Image-2025-12-11-at-23.25.42.jpeg",525,559,false],"large":["https:\/\/poupeewax.com\/wp-content\/uploads\/2025\/12\/WhatsApp-Image-2025-12-11-at-23.25.42.jpeg",525,559,false],"1536x1536":["https:\/\/poupeewax.com\/wp-content\/uploads\/2025\/12\/WhatsApp-Image-2025-12-11-at-23.25.42.jpeg",652,694,false],"2048x2048":["https:\/\/poupeewax.com\/wp-content\/uploads\/2025\/12\/WhatsApp-Image-2025-12-11-at-23.25.42.jpeg",652,694,false],"post-thumbnail":["https:\/\/poupeewax.com\/wp-content\/uploads\/2025\/12\/WhatsApp-Image-2025-12-11-at-23.25.42-600x450.jpeg",600,450,true],"mailpoet_newsletter_max":["https:\/\/poupeewax.com\/wp-content\/uploads\/2025\/12\/WhatsApp-Image-2025-12-11-at-23.25.42.jpeg",652,694,false],"woocommerce_thumbnail":["https:\/\/poupeewax.com\/wp-content\/uploads\/2025\/12\/WhatsApp-Image-2025-12-11-at-23.25.42-250x250.jpeg",250,250,true],"woocommerce_single":["https:\/\/poupeewax.com\/wp-content\/uploads\/2025\/12\/WhatsApp-Image-2025-12-11-at-23.25.42-350x373.jpeg",350,373,true],"woocommerce_gallery_thumbnail":["https:\/\/poupeewax.com\/wp-content\/uploads\/2025\/12\/WhatsApp-Image-2025-12-11-at-23.25.42-100x100.jpeg",100,100,true]},"uagb_author_info":{"display_name":"admin2486","author_link":"https:\/\/poupeewax.com\/index.php\/author\/"},"uagb_comment_info":0,"uagb_excerpt":"&nbsp; A boneca Nzola n\u00e3o \u00e9 apenas um objeto: \u00e9 s\u00edmbolo de identidade, mem\u00f3ria e orgulho cultural. Confeccionada com tecido 100% algod\u00e3o e adornadas com tecidos africanos vibrantes. La poup\u00e9e Nzola n\u2019est pas seulement un objet : C\u2019est un symbole d\u2019identit\u00e9, de m\u00e9moire et de fiert\u00e9 culturelle. Confectionn\u00e9e en tissu 100 % coton, elle transmet\u2026","jetpack_sharing_enabled":true,"_links":{"self":[{"href":"https:\/\/poupeewax.com\/index.php\/wp-json\/wp\/v2\/product\/6392","targetHints":{"allow":["GET"]}}],"collection":[{"href":"https:\/\/poupeewax.com\/index.php\/wp-json\/wp\/v2\/product"}],"about":[{"href":"https:\/\/poupeewax.com\/index.php\/wp-json\/wp\/v2\/types\/product"}],"replies":[{"embeddable":true,"href":"https:\/\/poupeewax.com\/index.php\/wp-json\/wp\/v2\/comments?post=6392"}],"wp:featuredmedia":[{"embeddable":true,"href":"https:\/\/poupeewax.com\/index.php\/wp-json\/wp\/v2\/media\/6406"}],"wp:attachment":[{"href":"https:\/\/poupeewax.com\/index.php\/wp-json\/wp\/v2\/media?parent=6392"}],"wp:term":[{"taxonomy":"product_brand","embeddable":true,"href":"https:\/\/poupeewax.com\/index.php\/wp-json\/wp\/v2\/product_brand?post=6392"},{"taxonomy":"product_cat","embeddable":true,"href":"https:\/\/poupeewax.com\/index.php\/wp-json\/wp\/v2\/product_cat?post=6392"},{"taxonomy":"product_tag","embeddable":true,"href":"https:\/\/poupeewax.com\/index.php\/wp-json\/wp\/v2\/product_tag?post=6392"}],"curies":[{"name":"wp","href":"https:\/\/api.w.org\/{rel}","templated":true}]}}