{"id":6276,"date":"2025-11-07T00:47:04","date_gmt":"2025-11-06T23:47:04","guid":{"rendered":"https:\/\/poupeewax.com\/?post_type=product&#038;p=6276"},"modified":"2025-12-19T18:15:13","modified_gmt":"2025-12-19T17:15:13","slug":"peluche-urso-capulana-ours-en-wax-un-compagnon-colore-et-plein-de-tendresse","status":"publish","type":"product","link":"https:\/\/poupeewax.com\/index.php\/produit\/peluche-urso-capulana-ours-en-wax-un-compagnon-colore-et-plein-de-tendresse\/","title":{"rendered":"Kiese"},"content":{"rendered":"<h2><img decoding=\"async\" class=\"alignnone wp-image-6423\" src=\"https:\/\/poupeewax.com\/wp-content\/uploads\/2025\/12\/200004283-300x252.jpg\" alt=\"\" width=\"51\" height=\"43\" srcset=\"https:\/\/poupeewax.com\/wp-content\/uploads\/2025\/12\/200004283-300x252.jpg 300w, https:\/\/poupeewax.com\/wp-content\/uploads\/2025\/12\/200004283-1024x862.jpg 1024w, https:\/\/poupeewax.com\/wp-content\/uploads\/2025\/12\/200004283-768x646.jpg 768w, https:\/\/poupeewax.com\/wp-content\/uploads\/2025\/12\/200004283-350x295.jpg 350w, https:\/\/poupeewax.com\/wp-content\/uploads\/2025\/12\/200004283.jpg 1161w\" sizes=\"(max-width: 51px) 100vw, 51px\" \/>Kiese = Alegria em Kikongo<\/h2>\n<p>Confeccionada com carinho em <strong>tecidos 100% algod\u00e3o <\/strong>\u00a0esta peluche vai al\u00e9m da decora\u00e7\u00e3o:<\/p>\n<ul>\n<li style=\"list-style-type: none;\">\n<ul>\n<li>\u00c9 um <strong>companheiro de ternura<\/strong>, macio ao toque e recheado com enchimento hipoalerg\u00e9nico, seguro para todas as idades.<\/li>\n<li>Ideal para <strong>abra\u00e7os apertados<\/strong>, momentos de aconchego ou para trazer personalidade ao quarto da crian\u00e7a.<\/li>\n<li><strong>Resistente, ecol\u00f3gica e cheia de afeto<\/strong>, cada pe\u00e7a \u00e9 um presente com alma, transmitindo calor e cuidado em cada costura.<\/li>\n<\/ul>\n<\/li>\n<\/ul>\n<p>&nbsp;<\/p>\n<h2><img decoding=\"async\" class=\"alignnone wp-image-6420\" src=\"https:\/\/poupeewax.com\/wp-content\/uploads\/2025\/12\/fr-300x200.png\" alt=\"\" width=\"38\" height=\"25\" srcset=\"https:\/\/poupeewax.com\/wp-content\/uploads\/2025\/12\/fr-300x200.png 300w, https:\/\/poupeewax.com\/wp-content\/uploads\/2025\/12\/fr-1024x683.png 1024w, https:\/\/poupeewax.com\/wp-content\/uploads\/2025\/12\/fr-768x512.png 768w, https:\/\/poupeewax.com\/wp-content\/uploads\/2025\/12\/fr-1536x1024.png 1536w, https:\/\/poupeewax.com\/wp-content\/uploads\/2025\/12\/fr-1320x880.png 1320w, https:\/\/poupeewax.com\/wp-content\/uploads\/2025\/12\/fr-350x233.png 350w, https:\/\/poupeewax.com\/wp-content\/uploads\/2025\/12\/fr.png 1600w\" sizes=\"(max-width: 38px) 100vw, 38px\" \/> Kiese = Joie en Kikongo<\/h2>\n<p>Confectionn\u00e9e avec amour en <strong>tissus 100 % coton naturel<\/strong>, cette peluche d\u00e9passe le simple objet d\u00e9coratif :<\/p>\n<ul>\n<li>Elle est un <strong>compagnon de tendresse<\/strong>, doux au toucher et garni d\u2019un rembourrage hypoallerg\u00e9nique, adapt\u00e9 \u00e0 tous les \u00e2ges.<\/li>\n<li>Parfaite pour les <strong>c\u00e2lins chaleureux<\/strong>, les instants de r\u00e9confort ou pour apporter une touche unique \u00e0 la chambre d\u2019enfant.<\/li>\n<li><strong>R\u00e9sistante, \u00e9cologique et empreinte d\u2019affection<\/strong>, elle incarne un cadeau avec une \u00e2me, transmettant chaleur et soin dans chaque couture.<\/li>\n<\/ul>\n<div><\/div>\n","protected":false},"excerpt":{"rendered":"<p><img decoding=\"async\" class=\"alignnone wp-image-6423\" src=\"https:\/\/poupeewax.com\/wp-content\/uploads\/2025\/12\/200004283-300x252.jpg\" alt=\"\" width=\"46\" height=\"39\" srcset=\"https:\/\/poupeewax.com\/wp-content\/uploads\/2025\/12\/200004283-300x252.jpg 300w, https:\/\/poupeewax.com\/wp-content\/uploads\/2025\/12\/200004283-1024x862.jpg 1024w, https:\/\/poupeewax.com\/wp-content\/uploads\/2025\/12\/200004283-768x646.jpg 768w, https:\/\/poupeewax.com\/wp-content\/uploads\/2025\/12\/200004283-350x295.jpg 350w, https:\/\/poupeewax.com\/wp-content\/uploads\/2025\/12\/200004283.jpg 1161w\" sizes=\"(max-width: 46px) 100vw, 46px\" \/>Kiese t\u00eam <strong>45 cm de pura fofura<\/strong>, cada pe\u00e7a pode ser personalizada com tecidos\u00a0 \u00e0 tua escolha.<\/p>\n<div><img loading=\"lazy\" decoding=\"async\" class=\"alignnone wp-image-6420\" src=\"https:\/\/poupeewax.com\/wp-content\/uploads\/2025\/12\/fr-300x200.png\" alt=\"\" width=\"33\" height=\"22\" srcset=\"https:\/\/poupeewax.com\/wp-content\/uploads\/2025\/12\/fr-300x200.png 300w, https:\/\/poupeewax.com\/wp-content\/uploads\/2025\/12\/fr-1024x683.png 1024w, https:\/\/poupeewax.com\/wp-content\/uploads\/2025\/12\/fr-768x512.png 768w, https:\/\/poupeewax.com\/wp-content\/uploads\/2025\/12\/fr-1536x1024.png 1536w, https:\/\/poupeewax.com\/wp-content\/uploads\/2025\/12\/fr-1320x880.png 1320w, https:\/\/poupeewax.com\/wp-content\/uploads\/2025\/12\/fr-350x233.png 350w, https:\/\/poupeewax.com\/wp-content\/uploads\/2025\/12\/fr.png 1600w\" sizes=\"(max-width: 33px) 100vw, 33px\" \/>\u00a0 \u00a0Kiese avec ses <strong>45 cm de pure douceur<\/strong>, chaque peluche \u00a0est unique et peut \u00eatre personnalis\u00e9e avec les tissus de votre choix.<\/div>\n","protected":false},"featured_media":6280,"comment_status":"open","ping_status":"closed","template":"","meta":{"_uag_custom_page_level_css":""},"product_brand":[],"product_cat":[54],"product_tag":[],"class_list":{"0":"post-6276","1":"product","2":"type-product","3":"status-publish","4":"has-post-thumbnail","6":"product_cat-poupees-et-doudous-wax","7":"product_shipping_class-2-categorias","9":"first","10":"instock","11":"shipping-taxable","12":"purchasable","13":"product-type-simple"},"yoast_head":"<!-- This site is optimized with the Yoast SEO plugin v27.3 - https:\/\/yoast.com\/product\/yoast-seo-wordpress\/ -->\n<title>Kiese - Poup\u00e9e Wax<\/title>\n<meta name=\"robots\" content=\"index, follow, max-snippet:-1, max-image-preview:large, max-video-preview:-1\" \/>\n<link rel=\"canonical\" href=\"https:\/\/poupeewax.com\/index.php\/produit\/peluche-urso-capulana-ours-en-wax-un-compagnon-colore-et-plein-de-tendresse\/\" \/>\n<meta property=\"og:locale\" content=\"fr_FR\" \/>\n<meta property=\"og:type\" content=\"article\" \/>\n<meta property=\"og:title\" content=\"Kiese - Poup\u00e9e Wax\" \/>\n<meta property=\"og:description\" content=\"Kiese t\u00eam 45 cm de pura fofura, cada pe\u00e7a pode ser personalizada com tecidos\u00a0 \u00e0 tua escolha. \u00a0 \u00a0Kiese avec ses 45 cm de pure douceur, chaque peluche \u00a0est unique et peut \u00eatre personnalis\u00e9e avec les tissus de votre choix.\" \/>\n<meta property=\"og:url\" content=\"https:\/\/poupeewax.com\/index.php\/produit\/peluche-urso-capulana-ours-en-wax-un-compagnon-colore-et-plein-de-tendresse\/\" \/>\n<meta property=\"og:site_name\" content=\"Poup\u00e9e Wax\" \/>\n<meta property=\"article:modified_time\" content=\"2025-12-19T17:15:13+00:00\" \/>\n<meta property=\"og:image\" content=\"https:\/\/poupeewax.com\/wp-content\/uploads\/2025\/11\/1000234094.png\" \/>\n\t<meta property=\"og:image:width\" content=\"768\" \/>\n\t<meta property=\"og:image:height\" content=\"1344\" \/>\n\t<meta property=\"og:image:type\" content=\"image\/png\" \/>\n<meta name=\"twitter:card\" content=\"summary_large_image\" \/>\n<meta name=\"twitter:label1\" content=\"Dur\u00e9e de lecture estim\u00e9e\" \/>\n\t<meta name=\"twitter:data1\" content=\"2 minutes\" \/>\n<script type=\"application\/ld+json\" class=\"yoast-schema-graph\">{\"@context\":\"https:\\\/\\\/schema.org\",\"@graph\":[{\"@type\":\"WebPage\",\"@id\":\"https:\\\/\\\/poupeewax.com\\\/index.php\\\/produit\\\/peluche-urso-capulana-ours-en-wax-un-compagnon-colore-et-plein-de-tendresse\\\/\",\"url\":\"https:\\\/\\\/poupeewax.com\\\/index.php\\\/produit\\\/peluche-urso-capulana-ours-en-wax-un-compagnon-colore-et-plein-de-tendresse\\\/\",\"name\":\"Kiese - Poup\u00e9e Wax\",\"isPartOf\":{\"@id\":\"https:\\\/\\\/poupeewax.com\\\/#website\"},\"primaryImageOfPage\":{\"@id\":\"https:\\\/\\\/poupeewax.com\\\/index.php\\\/produit\\\/peluche-urso-capulana-ours-en-wax-un-compagnon-colore-et-plein-de-tendresse\\\/#primaryimage\"},\"image\":{\"@id\":\"https:\\\/\\\/poupeewax.com\\\/index.php\\\/produit\\\/peluche-urso-capulana-ours-en-wax-un-compagnon-colore-et-plein-de-tendresse\\\/#primaryimage\"},\"thumbnailUrl\":\"https:\\\/\\\/poupeewax.com\\\/wp-content\\\/uploads\\\/2025\\\/11\\\/1000234094.png\",\"datePublished\":\"2025-11-06T23:47:04+00:00\",\"dateModified\":\"2025-12-19T17:15:13+00:00\",\"breadcrumb\":{\"@id\":\"https:\\\/\\\/poupeewax.com\\\/index.php\\\/produit\\\/peluche-urso-capulana-ours-en-wax-un-compagnon-colore-et-plein-de-tendresse\\\/#breadcrumb\"},\"inLanguage\":\"fr-FR\",\"potentialAction\":[{\"@type\":\"ReadAction\",\"target\":[\"https:\\\/\\\/poupeewax.com\\\/index.php\\\/produit\\\/peluche-urso-capulana-ours-en-wax-un-compagnon-colore-et-plein-de-tendresse\\\/\"]}]},{\"@type\":\"ImageObject\",\"inLanguage\":\"fr-FR\",\"@id\":\"https:\\\/\\\/poupeewax.com\\\/index.php\\\/produit\\\/peluche-urso-capulana-ours-en-wax-un-compagnon-colore-et-plein-de-tendresse\\\/#primaryimage\",\"url\":\"https:\\\/\\\/poupeewax.com\\\/wp-content\\\/uploads\\\/2025\\\/11\\\/1000234094.png\",\"contentUrl\":\"https:\\\/\\\/poupeewax.com\\\/wp-content\\\/uploads\\\/2025\\\/11\\\/1000234094.png\",\"width\":768,\"height\":1344},{\"@type\":\"BreadcrumbList\",\"@id\":\"https:\\\/\\\/poupeewax.com\\\/index.php\\\/produit\\\/peluche-urso-capulana-ours-en-wax-un-compagnon-colore-et-plein-de-tendresse\\\/#breadcrumb\",\"itemListElement\":[{\"@type\":\"ListItem\",\"position\":1,\"name\":\"Accueil\",\"item\":\"https:\\\/\\\/poupeewax.com\\\/\"},{\"@type\":\"ListItem\",\"position\":2,\"name\":\"Poup\u00e9es et doudous\",\"item\":\"https:\\\/\\\/poupeewax.com\\\/index.php\\\/poupees-et-doudous\\\/\"},{\"@type\":\"ListItem\",\"position\":3,\"name\":\"Kiese\"}]},{\"@type\":\"WebSite\",\"@id\":\"https:\\\/\\\/poupeewax.com\\\/#website\",\"url\":\"https:\\\/\\\/poupeewax.com\\\/\",\"name\":\"Poup\u00e9e Wax\",\"description\":\"Poup\u00e9es artisanales - Bonecas artesanais\",\"publisher\":{\"@id\":\"https:\\\/\\\/poupeewax.com\\\/#organization\"},\"inLanguage\":\"fr-FR\"},{\"@type\":\"Organization\",\"@id\":\"https:\\\/\\\/poupeewax.com\\\/#organization\",\"name\":\"Poup\u00e9e Wax\",\"url\":\"https:\\\/\\\/poupeewax.com\\\/\",\"logo\":{\"@type\":\"ImageObject\",\"inLanguage\":\"fr-FR\",\"@id\":\"https:\\\/\\\/poupeewax.com\\\/#\\\/schema\\\/logo\\\/image\\\/\",\"url\":\"https:\\\/\\\/poupeewax.com\\\/wp-content\\\/uploads\\\/2025\\\/04\\\/cropped-cropped-FB_IMG_1744139534710-1.jpg\",\"contentUrl\":\"https:\\\/\\\/poupeewax.com\\\/wp-content\\\/uploads\\\/2025\\\/04\\\/cropped-cropped-FB_IMG_1744139534710-1.jpg\",\"width\":973,\"height\":991,\"caption\":\"Poup\u00e9e Wax\"},\"image\":{\"@id\":\"https:\\\/\\\/poupeewax.com\\\/#\\\/schema\\\/logo\\\/image\\\/\"}}]}<\/script>\n<!-- \/ Yoast SEO plugin. -->","yoast_head_json":{"title":"Kiese - Poup\u00e9e Wax","robots":{"index":"index","follow":"follow","max-snippet":"max-snippet:-1","max-image-preview":"max-image-preview:large","max-video-preview":"max-video-preview:-1"},"canonical":"https:\/\/poupeewax.com\/index.php\/produit\/peluche-urso-capulana-ours-en-wax-un-compagnon-colore-et-plein-de-tendresse\/","og_locale":"fr_FR","og_type":"article","og_title":"Kiese - Poup\u00e9e Wax","og_description":"Kiese t\u00eam 45 cm de pura fofura, cada pe\u00e7a pode ser personalizada com tecidos\u00a0 \u00e0 tua escolha. \u00a0 \u00a0Kiese avec ses 45 cm de pure douceur, chaque peluche \u00a0est unique et peut \u00eatre personnalis\u00e9e avec les tissus de votre choix.","og_url":"https:\/\/poupeewax.com\/index.php\/produit\/peluche-urso-capulana-ours-en-wax-un-compagnon-colore-et-plein-de-tendresse\/","og_site_name":"Poup\u00e9e Wax","article_modified_time":"2025-12-19T17:15:13+00:00","og_image":[{"width":768,"height":1344,"url":"https:\/\/poupeewax.com\/wp-content\/uploads\/2025\/11\/1000234094.png","type":"image\/png"}],"twitter_card":"summary_large_image","twitter_misc":{"Dur\u00e9e de lecture estim\u00e9e":"2 minutes"},"schema":{"@context":"https:\/\/schema.org","@graph":[{"@type":"WebPage","@id":"https:\/\/poupeewax.com\/index.php\/produit\/peluche-urso-capulana-ours-en-wax-un-compagnon-colore-et-plein-de-tendresse\/","url":"https:\/\/poupeewax.com\/index.php\/produit\/peluche-urso-capulana-ours-en-wax-un-compagnon-colore-et-plein-de-tendresse\/","name":"Kiese - Poup\u00e9e Wax","isPartOf":{"@id":"https:\/\/poupeewax.com\/#website"},"primaryImageOfPage":{"@id":"https:\/\/poupeewax.com\/index.php\/produit\/peluche-urso-capulana-ours-en-wax-un-compagnon-colore-et-plein-de-tendresse\/#primaryimage"},"image":{"@id":"https:\/\/poupeewax.com\/index.php\/produit\/peluche-urso-capulana-ours-en-wax-un-compagnon-colore-et-plein-de-tendresse\/#primaryimage"},"thumbnailUrl":"https:\/\/poupeewax.com\/wp-content\/uploads\/2025\/11\/1000234094.png","datePublished":"2025-11-06T23:47:04+00:00","dateModified":"2025-12-19T17:15:13+00:00","breadcrumb":{"@id":"https:\/\/poupeewax.com\/index.php\/produit\/peluche-urso-capulana-ours-en-wax-un-compagnon-colore-et-plein-de-tendresse\/#breadcrumb"},"inLanguage":"fr-FR","potentialAction":[{"@type":"ReadAction","target":["https:\/\/poupeewax.com\/index.php\/produit\/peluche-urso-capulana-ours-en-wax-un-compagnon-colore-et-plein-de-tendresse\/"]}]},{"@type":"ImageObject","inLanguage":"fr-FR","@id":"https:\/\/poupeewax.com\/index.php\/produit\/peluche-urso-capulana-ours-en-wax-un-compagnon-colore-et-plein-de-tendresse\/#primaryimage","url":"https:\/\/poupeewax.com\/wp-content\/uploads\/2025\/11\/1000234094.png","contentUrl":"https:\/\/poupeewax.com\/wp-content\/uploads\/2025\/11\/1000234094.png","width":768,"height":1344},{"@type":"BreadcrumbList","@id":"https:\/\/poupeewax.com\/index.php\/produit\/peluche-urso-capulana-ours-en-wax-un-compagnon-colore-et-plein-de-tendresse\/#breadcrumb","itemListElement":[{"@type":"ListItem","position":1,"name":"Accueil","item":"https:\/\/poupeewax.com\/"},{"@type":"ListItem","position":2,"name":"Poup\u00e9es et doudous","item":"https:\/\/poupeewax.com\/index.php\/poupees-et-doudous\/"},{"@type":"ListItem","position":3,"name":"Kiese"}]},{"@type":"WebSite","@id":"https:\/\/poupeewax.com\/#website","url":"https:\/\/poupeewax.com\/","name":"Poup\u00e9e Wax","description":"Poup\u00e9es artisanales - Bonecas artesanais","publisher":{"@id":"https:\/\/poupeewax.com\/#organization"},"inLanguage":"fr-FR"},{"@type":"Organization","@id":"https:\/\/poupeewax.com\/#organization","name":"Poup\u00e9e Wax","url":"https:\/\/poupeewax.com\/","logo":{"@type":"ImageObject","inLanguage":"fr-FR","@id":"https:\/\/poupeewax.com\/#\/schema\/logo\/image\/","url":"https:\/\/poupeewax.com\/wp-content\/uploads\/2025\/04\/cropped-cropped-FB_IMG_1744139534710-1.jpg","contentUrl":"https:\/\/poupeewax.com\/wp-content\/uploads\/2025\/04\/cropped-cropped-FB_IMG_1744139534710-1.jpg","width":973,"height":991,"caption":"Poup\u00e9e Wax"},"image":{"@id":"https:\/\/poupeewax.com\/#\/schema\/logo\/image\/"}}]}},"uagb_featured_image_src":{"full":["https:\/\/poupeewax.com\/wp-content\/uploads\/2025\/11\/1000234094.png",768,1344,false],"thumbnail":["https:\/\/poupeewax.com\/wp-content\/uploads\/2025\/11\/1000234094-150x150.png",150,150,true],"medium":["https:\/\/poupeewax.com\/wp-content\/uploads\/2025\/11\/1000234094-171x300.png",171,300,true],"medium_large":["https:\/\/poupeewax.com\/wp-content\/uploads\/2025\/11\/1000234094.png",525,919,false],"large":["https:\/\/poupeewax.com\/wp-content\/uploads\/2025\/11\/1000234094-585x1024.png",525,919,true],"1536x1536":["https:\/\/poupeewax.com\/wp-content\/uploads\/2025\/11\/1000234094.png",768,1344,false],"2048x2048":["https:\/\/poupeewax.com\/wp-content\/uploads\/2025\/11\/1000234094.png",768,1344,false],"post-thumbnail":["https:\/\/poupeewax.com\/wp-content\/uploads\/2025\/11\/1000234094-600x450.png",600,450,true],"mailpoet_newsletter_max":["https:\/\/poupeewax.com\/wp-content\/uploads\/2025\/11\/1000234094.png",768,1344,false],"woocommerce_thumbnail":["https:\/\/poupeewax.com\/wp-content\/uploads\/2025\/11\/1000234094-250x250.png",250,250,true],"woocommerce_single":["https:\/\/poupeewax.com\/wp-content\/uploads\/2025\/11\/1000234094-350x613.png",350,613,true],"woocommerce_gallery_thumbnail":["https:\/\/poupeewax.com\/wp-content\/uploads\/2025\/11\/1000234094-100x100.png",100,100,true]},"uagb_author_info":{"display_name":"admin2486","author_link":"https:\/\/poupeewax.com\/index.php\/author\/"},"uagb_comment_info":0,"uagb_excerpt":"Kiese t\u00eam 45 cm de pura fofura, cada pe\u00e7a pode ser personalizada com tecidos\u00a0 \u00e0 tua escolha. \u00a0 \u00a0Kiese avec ses 45 cm de pure douceur, chaque peluche \u00a0est unique et peut \u00eatre personnalis\u00e9e avec les tissus de votre choix.","jetpack_sharing_enabled":true,"_links":{"self":[{"href":"https:\/\/poupeewax.com\/index.php\/wp-json\/wp\/v2\/product\/6276","targetHints":{"allow":["GET"]}}],"collection":[{"href":"https:\/\/poupeewax.com\/index.php\/wp-json\/wp\/v2\/product"}],"about":[{"href":"https:\/\/poupeewax.com\/index.php\/wp-json\/wp\/v2\/types\/product"}],"replies":[{"embeddable":true,"href":"https:\/\/poupeewax.com\/index.php\/wp-json\/wp\/v2\/comments?post=6276"}],"wp:featuredmedia":[{"embeddable":true,"href":"https:\/\/poupeewax.com\/index.php\/wp-json\/wp\/v2\/media\/6280"}],"wp:attachment":[{"href":"https:\/\/poupeewax.com\/index.php\/wp-json\/wp\/v2\/media?parent=6276"}],"wp:term":[{"taxonomy":"product_brand","embeddable":true,"href":"https:\/\/poupeewax.com\/index.php\/wp-json\/wp\/v2\/product_brand?post=6276"},{"taxonomy":"product_cat","embeddable":true,"href":"https:\/\/poupeewax.com\/index.php\/wp-json\/wp\/v2\/product_cat?post=6276"},{"taxonomy":"product_tag","embeddable":true,"href":"https:\/\/poupeewax.com\/index.php\/wp-json\/wp\/v2\/product_tag?post=6276"}],"curies":[{"name":"wp","href":"https:\/\/api.w.org\/{rel}","templated":true}]}}