{"id":628,"date":"2021-07-14T17:29:50","date_gmt":"2021-07-14T15:29:50","guid":{"rendered":"https:\/\/poupeewax.com\/?page_id=628"},"modified":"2021-07-19T06:57:44","modified_gmt":"2021-07-19T04:57:44","slug":"conditions-generales-de-vente","status":"publish","type":"page","link":"https:\/\/poupeewax.com\/index.php\/conditions-generales-de-vente\/","title":{"rendered":"Conditions g\u00e9n\u00e9rales de vente"},"content":{"rendered":"\n<p>Les pr\u00e9sentes conditions de vente sont conclues entre Poup\u00e9e Wax , micro entreprise&nbsp; avec le num\u00e9ro de&nbsp;&nbsp; SIRET : 891 130 296 000 17&nbsp; et d&rsquo;autre part, toute personne physique ou morale souhaitant proc\u00e9der \u00e0 un achat sur la boutique \u00ab Poup\u00e9e Wax\u00bb, d\u00e9nomm\u00e9e ci-apr\u00e8s \u201c l&rsquo;acheteur \u201d.<\/p>\n\n\n\n<p>Poup\u00e9e Wax \u00ae est une marque d\u00e9pos\u00e9e \u00e0 l&rsquo;INPI.<\/p>\n\n\n\n<p>Objet<\/p>\n\n\n\n<p>Les pr\u00e9sentes conditions de vente visent \u00e0 d\u00e9finir les relations contractuelles entre poup\u00e9e Wax&nbsp; et l&rsquo;acheteur et les conditions applicables \u00e0 tout achat effectu\u00e9 sur la boutique en ligne, que l&rsquo;acheteur soit professionnel ou consommateur.<\/p>\n\n\n\n<p>L&rsquo;acquisition d&rsquo;un bien \u00e0 travers la pr\u00e9sente boutique implique une acceptation sans r\u00e9serve par l&rsquo;acheteur des pr\u00e9sentes conditions de vente.<\/p>\n\n\n\n<p>Ces conditions de vente pr\u00e9vaudront sur toutes autres conditions g\u00e9n\u00e9rales ou particuli\u00e8res non express\u00e9ment agr\u00e9\u00e9es par poup\u00e9e Wax que se r\u00e9serve de pouvoir modifier ses conditions de vente \u00e0 tout moment. Dans ce cas, les conditions applicables seront celles en vigueur \u00e0 la date de la commande par l&rsquo;acheteur.<\/p>\n\n\n\n<p>Caract\u00e9ristiques des produits<\/p>\n\n\n\n<p>Les produits offerts sont ceux qui figurent dans le catalogue publi\u00e9 dans la boutique.Les photographies du catalogue sont les plus fid\u00e8les possibles mais ne peuvent assurer une similitude parfaite avec le produit offert, en raison de la fabrication artisanale.<\/p>\n\n\n\n<p>Tarifs<\/p>\n\n\n\n<p>Les prix figurant dans le catalogue sont des prix HT, TVA est non applicable, art. 293 B du CGI.<\/p>\n\n\n\n<p>Poup\u00e9e Wax&nbsp; se r\u00e9serve le droit de modifier ses prix \u00e0 tout moment, \u00e9tant toutefois entendu que le prix figurant au catalogue le jour de la commande sera le seul applicable \u00e0 l&rsquo;acheteur.<\/p>\n\n\n\n<p>Les prix indiqu\u00e9s ne comprennent pas les frais de traitement de commandes, de transport et de livraison pour autant qu&rsquo;elles aient lieu dans les zones g\u00e9ographiques pr\u00e9vues ci-apr\u00e8s.<\/p>\n\n\n\n<p><strong><u>Livraison<\/u><\/strong><\/p>\n\n\n\n<p>Les produits pr\u00e9sent\u00e9s dans notre&nbsp; boutique sont livr\u00e9s partout dans le monde.<\/p>\n\n\n\n<p>Commandes<\/p>\n\n\n\n<p>L&rsquo;acheteur, souhaitant&nbsp; acheter un produit devra&nbsp; :<\/p>\n\n\n\n<ul class=\"wp-block-list\"><li>renseigner sa commande en ligne en donnant toutes les r\u00e9f\u00e9rences des produits choisis et indiquer ses coordonn\u00e9es compl\u00e8tes<\/li><li>valider sa commande apr\u00e8s l&rsquo;avoir v\u00e9rifi\u00e9e;<\/li><li>effectuer le paiement dans les conditions pr\u00e9vues;<\/li><li>confirmer sa commande et son r\u00e8glement.<\/li><\/ul>\n\n\n\n<p>La confirmation de la commande entra\u00eene acceptation des pr\u00e9sentes conditions de vente, la reconnaissance d&rsquo;en avoir parfaite connaissance et la renonciation \u00e0 se pr\u00e9valoir de ses propres conditions d&rsquo;achat ou d&rsquo;autres conditions.<\/p>\n\n\n\n<p>L&rsquo;ensemble des donn\u00e9es fournies et la confirmation enregistr\u00e9e vaudront preuve de la transaction. La confirmation vaudra signature et acceptation des op\u00e9rations effectu\u00e9es.<\/p>\n\n\n\n<p>Le vendeur communiquera par courrier \u00e9lectronique confirmation de la commande enregistr\u00e9e.<\/p>\n\n\n\n<p><strong>cr\u00e9ations r\u00e9alis\u00e9es sur commande<\/strong><\/p>\n\n\n\n<p>Pour commander une&nbsp; poup\u00e9e ou accessoire personnalis\u00e9, adressez-nous une demande de&nbsp; devis sur <strong>&nbsp;<\/strong><a href=\"mailto:contact@poupeewax.com\"><strong>contact@poupeewax.com<\/strong><\/a> 30% du montant de votre devis vous sera demand\u00e9 \u00e0 la commande&nbsp; et en cas d\u2019annulation sera conserv\u00e9e afin de rembourser les mati\u00e8res engag\u00e9es et le travail fourni.<\/p>\n\n\n\n<p>R\u00e9tractation<\/p>\n\n\n\n<p>Les acheteurs, personnes physiques non professionnelles, b\u00e9n\u00e9ficient d&rsquo;un d\u00e9lai de r\u00e9tractation de 14 jours \u00e0 compter de la livraison de leur commande pour faire retour du produit au vendeur pour \u00e9change ou remboursement sans p\u00e9nalit\u00e9, \u00e0 l&rsquo;exception des frais de port qui restent \u00e0 leur charge. Les produits retourn\u00e9s devront \u00eatre intacts et n\u2019avoir subi aucune d\u00e9gradation. Ils devront \u00eatre retourn\u00e9s en colissimo recommand\u00e9 \u00e0 la charge de l\u2019acheteur.<\/p>\n\n\n\n<p>Ce droit ne vaut que pour les articles achet\u00e9s sur stock. Il ne s&rsquo;applique pas sur les <strong>cr\u00e9ations r\u00e9alis\u00e9es sur commande, qui ne seront ni reprises ni \u00e9chang\u00e9es.<\/strong><\/p>\n\n\n\n<p>Modalit\u00e9s de paiement<\/p>\n\n\n\n<p>Le prix est exigible \u00e0 la commande, sont affich\u00e9s TTC<\/p>\n\n\n\n<p>Les paiements seront effectu\u00e9s par Paypal ou par carte bancaire.<\/p>\n\n\n\n<p>La facture vous sera envoy\u00e9e par courrier \u00e9lectronique<\/p>\n\n\n\n<p><strong>Livraisons<\/strong><\/p>\n\n\n\n<p>Les livraisons sont faites \u00e0 l&rsquo;adresse indiqu\u00e9e dans le bon de commande. Merci&nbsp; d\u2019indiquer un num\u00e9ro de t\u00e9l\u00e9phone auquel il est possible de vous joindre pour faciliter la livraison. Les produits seront exp\u00e9di\u00e9s selon le mode d&rsquo;envoi s\u00e9lectionn\u00e9 par vos soins.<\/p>\n\n\n\n<p>Pour tout envoi dans une zone g\u00e9ographique non mentionn\u00e9e, le prix sera communiqu\u00e9 \u00e0 l\u2019acheteur avant confirmation de commande.<\/p>\n\n\n\n<p>Le vendeur&nbsp; n\u2019est pas responsable de l\u2019acheminement des colis, de la bonne livraison et de l\u2019\u00e9tat des colis \u00e0 leur arriv\u00e9e.<\/p>\n\n\n\n<p>Les risques sont \u00e0 la charge de l&rsquo;acqu\u00e9reur \u00e0 compter du moment o\u00f9 les produits ont quitt\u00e9 notre atelier .<\/p>\n\n\n\n<p>Les d\u00e9lais de livraison peuvent varier, 24 \u00e0 48 heures pour certains articles et&nbsp; jusqu&rsquo;\u00e0 10 jours ouvrables selon la&nbsp; commande.<\/p>\n\n\n\n<p>Responsabilit\u00e9<\/p>\n\n\n\n<p>Le vendeur, dans le processus de vente en ligne, n&rsquo;est tenu que par une obligation de moyens; sa responsabilit\u00e9 ne pourra \u00eatre engag\u00e9e pour un dommage r\u00e9sultant de l&rsquo;utilisation du r\u00e9seau Internet tel que perte de donn\u00e9es, intrusion, virus, rupture du service, ou autres probl\u00e8mes involontaires.<\/p>\n\n\n\n<p>Propri\u00e9t\u00e9 intellectuelle<\/p>\n\n\n\n<p>Tous les \u00e9l\u00e9ments de la boutique en ligne sont et restent la propri\u00e9t\u00e9 intellectuelle et exclusive de Poup\u00e9e Wax.<\/p>\n\n\n\n<p>Personne n&rsquo;est autoris\u00e9 \u00e0 reproduire, exploiter, diffuser, ou utiliser \u00e0 quelque titre que ce soit, m\u00eame partiellement, des \u00e9l\u00e9ments du site qu&rsquo;ils soient logiciels, visuels ou sonores sans notre accord expr\u00e8s et \u00e9crit.<\/p>\n","protected":false},"excerpt":{"rendered":"<p>Les pr\u00e9sentes conditions de vente sont conclues entre Poup\u00e9e Wax , micro entreprise&nbsp; avec le num\u00e9ro de&nbsp;&nbsp; SIRET : 891&hellip;<\/p>\n","protected":false},"author":1,"featured_media":0,"parent":0,"menu_order":0,"comment_status":"closed","ping_status":"closed","template":"","meta":{"_uag_custom_page_level_css":"","footnotes":""},"class_list":["post-628","page","type-page","status-publish","hentry"],"yoast_head":"<!-- This site is optimized with the Yoast SEO plugin v27.4 - https:\/\/yoast.com\/product\/yoast-seo-wordpress\/ -->\n<title>Conditions g\u00e9n\u00e9rales de vente - Poup\u00e9e Wax<\/title>\n<meta name=\"robots\" content=\"index, follow, max-snippet:-1, max-image-preview:large, max-video-preview:-1\" \/>\n<link rel=\"canonical\" href=\"https:\/\/poupeewax.com\/index.php\/conditions-generales-de-vente\/\" \/>\n<meta property=\"og:locale\" content=\"fr_FR\" \/>\n<meta property=\"og:type\" content=\"article\" \/>\n<meta property=\"og:title\" content=\"Conditions g\u00e9n\u00e9rales de vente - Poup\u00e9e Wax\" \/>\n<meta property=\"og:description\" content=\"Les pr\u00e9sentes conditions de vente sont conclues entre Poup\u00e9e Wax , micro entreprise&nbsp; avec le num\u00e9ro de&nbsp;&nbsp; SIRET : 891&hellip;\" \/>\n<meta property=\"og:url\" content=\"https:\/\/poupeewax.com\/index.php\/conditions-generales-de-vente\/\" \/>\n<meta property=\"og:site_name\" content=\"Poup\u00e9e Wax\" \/>\n<meta property=\"article:modified_time\" content=\"2021-07-19T04:57:44+00:00\" \/>\n<meta name=\"twitter:card\" content=\"summary_large_image\" \/>\n<meta name=\"twitter:label1\" content=\"Dur\u00e9e de lecture estim\u00e9e\" \/>\n\t<meta name=\"twitter:data1\" content=\"4 minutes\" \/>\n<script type=\"application\/ld+json\" class=\"yoast-schema-graph\">{\"@context\":\"https:\\\/\\\/schema.org\",\"@graph\":[{\"@type\":\"WebPage\",\"@id\":\"https:\\\/\\\/poupeewax.com\\\/index.php\\\/conditions-generales-de-vente\\\/\",\"url\":\"https:\\\/\\\/poupeewax.com\\\/index.php\\\/conditions-generales-de-vente\\\/\",\"name\":\"Conditions g\u00e9n\u00e9rales de vente - Poup\u00e9e Wax\",\"isPartOf\":{\"@id\":\"https:\\\/\\\/poupeewax.com\\\/#website\"},\"datePublished\":\"2021-07-14T15:29:50+00:00\",\"dateModified\":\"2021-07-19T04:57:44+00:00\",\"breadcrumb\":{\"@id\":\"https:\\\/\\\/poupeewax.com\\\/index.php\\\/conditions-generales-de-vente\\\/#breadcrumb\"},\"inLanguage\":\"fr-FR\",\"potentialAction\":[{\"@type\":\"ReadAction\",\"target\":[\"https:\\\/\\\/poupeewax.com\\\/index.php\\\/conditions-generales-de-vente\\\/\"]}]},{\"@type\":\"BreadcrumbList\",\"@id\":\"https:\\\/\\\/poupeewax.com\\\/index.php\\\/conditions-generales-de-vente\\\/#breadcrumb\",\"itemListElement\":[{\"@type\":\"ListItem\",\"position\":1,\"name\":\"Accueil\",\"item\":\"https:\\\/\\\/poupeewax.com\\\/\"},{\"@type\":\"ListItem\",\"position\":2,\"name\":\"Conditions g\u00e9n\u00e9rales de vente\"}]},{\"@type\":\"WebSite\",\"@id\":\"https:\\\/\\\/poupeewax.com\\\/#website\",\"url\":\"https:\\\/\\\/poupeewax.com\\\/\",\"name\":\"Poup\u00e9e Wax\",\"description\":\"Poup\u00e9es artisanales - Bonecas artesanais\",\"publisher\":{\"@id\":\"https:\\\/\\\/poupeewax.com\\\/#organization\"},\"inLanguage\":\"fr-FR\"},{\"@type\":\"Organization\",\"@id\":\"https:\\\/\\\/poupeewax.com\\\/#organization\",\"name\":\"Poup\u00e9e Wax\",\"url\":\"https:\\\/\\\/poupeewax.com\\\/\",\"logo\":{\"@type\":\"ImageObject\",\"inLanguage\":\"fr-FR\",\"@id\":\"https:\\\/\\\/poupeewax.com\\\/#\\\/schema\\\/logo\\\/image\\\/\",\"url\":\"https:\\\/\\\/poupeewax.com\\\/wp-content\\\/uploads\\\/2025\\\/04\\\/cropped-cropped-FB_IMG_1744139534710-1.jpg\",\"contentUrl\":\"https:\\\/\\\/poupeewax.com\\\/wp-content\\\/uploads\\\/2025\\\/04\\\/cropped-cropped-FB_IMG_1744139534710-1.jpg\",\"width\":973,\"height\":991,\"caption\":\"Poup\u00e9e Wax\"},\"image\":{\"@id\":\"https:\\\/\\\/poupeewax.com\\\/#\\\/schema\\\/logo\\\/image\\\/\"}}]}<\/script>\n<!-- \/ Yoast SEO plugin. -->","yoast_head_json":{"title":"Conditions g\u00e9n\u00e9rales de vente - Poup\u00e9e Wax","robots":{"index":"index","follow":"follow","max-snippet":"max-snippet:-1","max-image-preview":"max-image-preview:large","max-video-preview":"max-video-preview:-1"},"canonical":"https:\/\/poupeewax.com\/index.php\/conditions-generales-de-vente\/","og_locale":"fr_FR","og_type":"article","og_title":"Conditions g\u00e9n\u00e9rales de vente - Poup\u00e9e Wax","og_description":"Les pr\u00e9sentes conditions de vente sont conclues entre Poup\u00e9e Wax , micro entreprise&nbsp; avec le num\u00e9ro de&nbsp;&nbsp; SIRET : 891&hellip;","og_url":"https:\/\/poupeewax.com\/index.php\/conditions-generales-de-vente\/","og_site_name":"Poup\u00e9e Wax","article_modified_time":"2021-07-19T04:57:44+00:00","twitter_card":"summary_large_image","twitter_misc":{"Dur\u00e9e de lecture estim\u00e9e":"4 minutes"},"schema":{"@context":"https:\/\/schema.org","@graph":[{"@type":"WebPage","@id":"https:\/\/poupeewax.com\/index.php\/conditions-generales-de-vente\/","url":"https:\/\/poupeewax.com\/index.php\/conditions-generales-de-vente\/","name":"Conditions g\u00e9n\u00e9rales de vente - Poup\u00e9e Wax","isPartOf":{"@id":"https:\/\/poupeewax.com\/#website"},"datePublished":"2021-07-14T15:29:50+00:00","dateModified":"2021-07-19T04:57:44+00:00","breadcrumb":{"@id":"https:\/\/poupeewax.com\/index.php\/conditions-generales-de-vente\/#breadcrumb"},"inLanguage":"fr-FR","potentialAction":[{"@type":"ReadAction","target":["https:\/\/poupeewax.com\/index.php\/conditions-generales-de-vente\/"]}]},{"@type":"BreadcrumbList","@id":"https:\/\/poupeewax.com\/index.php\/conditions-generales-de-vente\/#breadcrumb","itemListElement":[{"@type":"ListItem","position":1,"name":"Accueil","item":"https:\/\/poupeewax.com\/"},{"@type":"ListItem","position":2,"name":"Conditions g\u00e9n\u00e9rales de vente"}]},{"@type":"WebSite","@id":"https:\/\/poupeewax.com\/#website","url":"https:\/\/poupeewax.com\/","name":"Poup\u00e9e Wax","description":"Poup\u00e9es artisanales - Bonecas artesanais","publisher":{"@id":"https:\/\/poupeewax.com\/#organization"},"inLanguage":"fr-FR"},{"@type":"Organization","@id":"https:\/\/poupeewax.com\/#organization","name":"Poup\u00e9e Wax","url":"https:\/\/poupeewax.com\/","logo":{"@type":"ImageObject","inLanguage":"fr-FR","@id":"https:\/\/poupeewax.com\/#\/schema\/logo\/image\/","url":"https:\/\/poupeewax.com\/wp-content\/uploads\/2025\/04\/cropped-cropped-FB_IMG_1744139534710-1.jpg","contentUrl":"https:\/\/poupeewax.com\/wp-content\/uploads\/2025\/04\/cropped-cropped-FB_IMG_1744139534710-1.jpg","width":973,"height":991,"caption":"Poup\u00e9e Wax"},"image":{"@id":"https:\/\/poupeewax.com\/#\/schema\/logo\/image\/"}}]}},"uagb_featured_image_src":{"full":false,"thumbnail":false,"medium":false,"medium_large":false,"large":false,"1536x1536":false,"2048x2048":false,"post-thumbnail":false,"mailpoet_newsletter_max":false,"woocommerce_thumbnail":false,"woocommerce_single":false,"woocommerce_gallery_thumbnail":false},"uagb_author_info":{"display_name":"admin2486","author_link":"https:\/\/poupeewax.com\/index.php\/author\/admin2486\/"},"uagb_comment_info":0,"uagb_excerpt":"Les pr\u00e9sentes conditions de vente sont conclues entre Poup\u00e9e Wax , micro entreprise&nbsp; avec le num\u00e9ro de&nbsp;&nbsp; SIRET : 891&hellip;","jetpack_sharing_enabled":true,"_links":{"self":[{"href":"https:\/\/poupeewax.com\/index.php\/wp-json\/wp\/v2\/pages\/628","targetHints":{"allow":["GET"]}}],"collection":[{"href":"https:\/\/poupeewax.com\/index.php\/wp-json\/wp\/v2\/pages"}],"about":[{"href":"https:\/\/poupeewax.com\/index.php\/wp-json\/wp\/v2\/types\/page"}],"author":[{"embeddable":true,"href":"https:\/\/poupeewax.com\/index.php\/wp-json\/wp\/v2\/users\/1"}],"replies":[{"embeddable":true,"href":"https:\/\/poupeewax.com\/index.php\/wp-json\/wp\/v2\/comments?post=628"}],"version-history":[{"count":2,"href":"https:\/\/poupeewax.com\/index.php\/wp-json\/wp\/v2\/pages\/628\/revisions"}],"predecessor-version":[{"id":909,"href":"https:\/\/poupeewax.com\/index.php\/wp-json\/wp\/v2\/pages\/628\/revisions\/909"}],"wp:attachment":[{"href":"https:\/\/poupeewax.com\/index.php\/wp-json\/wp\/v2\/media?parent=628"}],"curies":[{"name":"wp","href":"https:\/\/api.w.org\/{rel}","templated":true}]}}